7
Suppose 13*d + d = 42. Suppose -d*c + 63 = -72. What is the greatest common factor of 180 and c?
45
Suppose -22*w + 18*w + 881 = -3*q, w + 5*q = 180. Calculate the highest common factor of 45 and w.
5
Suppose x = 0, -5*g - 5*x - 625 = -3*x. Let p be 545/30 - (-4 - g/30). Let n = 108 - 36. What is the highest common factor of p and n?
18
Let l(a) = a**3 - 51*a**2 + 31*a - 63. Let z be l(51). What is the highest common divisor of z and 396?
66
Let i be (-470)/(-50) - (2 + 13/(-5)). Let z(l) = 38*l + 17. Let t be z(1). Calculate the highest common factor of t and i.
5
Suppose -106*w + 37620 = 100*w - 26*w. Calculate the greatest common divisor of w and 231.
11
Let j(o) = 3*o**2 + 4*o - 3. Let x be j(5). Let y = -429394 + 429440. Calculate the greatest common divisor of x and y.
46
Let b(h) be the second derivative of -h**3/2 + 65*h**2 + 106*h. Let t be b(14). What is the greatest common factor of 8 and t?
8
Let u = -7 + 0. Let h(n) be the first derivative of n**4/4 + 7*n**3/3 - n**2/2 + 3*n + 25. Let d be h(u). What is the highest common divisor of 90 and d?
10
Suppose -4*i + 348 = 5*d - 595, -d = -4*i + 973. Calculate the highest common factor of 176 and i.
22
Let y(b) = b + 1. Let h be y(-5). Let r be (-11 - h)/(1 - 2). Let k be (-2 - 125/(-25)) + (1 - -59). What is the greatest common divisor of r and k?
7
Let b be 65 + ((-2)/2)/((-7)/(-98)*-2). Calculate the greatest common divisor of 5652 and b.
36
Let l be 74*(13/26 + -2 + 2). Suppose 7*c - l - 887 = 0. What is the greatest common factor of c and 330?
66
Let x(g) = 77 + 80 - 4*g**3 - 30*g - 150 + 5*g**3 + 10*g**2. Let o be x(-12). Calculate the highest common factor of 316 and o.
79
Let v(p) = p**2 - 2*p - 9. Let m = 41 - 50. Let t be v(m). Suppose -4*h - 47 = -3*r, -4*h + t = 5*r + h. What is the greatest common divisor of r and 153?
17
Let m be (13317/(-24) - 7) + 3/(-24). Let y = m - -677. Calculate the greatest common divisor of y and 5.
5
Let i = -1717 + 3349. What is the highest common factor of 306 and i?
102
Let k = -23 + 23. Suppose 3*q + 99 = 4*o - k*o, 5*o - q = 110. Suppose -16*d = -20*d + 12. What is the greatest common divisor of d and o?
3
Suppose f = 2*t + 50, 4*t = 3*f - 20 - 132. Suppose 3*g - 2*w - 979 = 0, -w + 407 + 241 = 2*g. Calculate the greatest common factor of f and g.
13
Let r be (-23)/(322/196)*16/(-14) + -1. Calculate the greatest common divisor of 41 and r.
1
Suppose -4*b = 5*r - 2023 - 837, -2*b + 566 = r. Calculate the highest common divisor of r and 27.
9
Let c be ((-10)/15)/((-2)/3). Suppose 0 = -b - 4*z + 22 + c, -5*z = 5*b - 55. Let d be 16/((-3)/21*-2). Calculate the highest common divisor of b and d.
7
Let u(a) = -a**3 + 8*a**2 + 3*a - 33. Let b be u(8). Let k(z) = -z**3 - 6*z**2 - 13*z + 11. Let s be k(b). What is the greatest common factor of s and 53?
53
Suppose 2*u + u = 30. Suppose -x = x - u. Suppose -10 = 2*a - 0*y + 5*y, 0 = -x*a - 3*y + 13. What is the greatest common factor of a and 65?
5
Let j(z) = 95*z + 12. Let q be j(7). Suppose 0 = -5*b - x + 1165, -3*b - 6*x + x = -q. Calculate the highest common factor of 26 and b.
26
Let f = -194 + 86. Let h = f - -114. Let s be h + -10 + (-27)/(-3). What is the greatest common divisor of s and 45?
5
Let h = 54 + -33. Let j = -66 - -69. Let f be (-4)/((-4)/j) + (-11 - -197). What is the highest common divisor of f and h?
21
Let l be (-19)/(19/(-98)) + (2 - 1). Calculate the highest common factor of l and 1914.
33
Suppose 10773 = -2429*m + 2436*m. Calculate the greatest common factor of 38 and m.
19
Suppose -315*r + 2 = s - 320*r, -3*s + 2*r = -19. What is the greatest common factor of 623 and s?
7
Suppose 2*c + 4*u + 478 - 2996 = 0, -5*u + 5060 = 4*c. What is the highest common divisor of 2244 and c?
51
Suppose 102 = -0*v + v. Let k = 123 - v. Suppose -235 + 12 = -x - 2*d, 904 = 4*x + 5*d. What is the greatest common divisor of k and x?
21
Suppose -2730*z = -2728*z - 610. What is the highest common divisor of z and 976?
61
Let l be ((-171)/21)/(-3) - 4/(-14). Suppose 4*i = -3*c + 14, -l*i - i + 2 = -3*c. What is the highest common divisor of 54 and i?
2
Let g = -752 + 772. Suppose g*w - 40*w = -60. Calculate the highest common divisor of w and 243.
3
Let u(x) = 685*x**2 + 31*x - 32. Let d be u(1). Calculate the highest common divisor of d and 24.
12
Suppose -8*c - 95 = 761. Let k = 32 + c. Let i = -73 - k. Calculate the greatest common divisor of 3 and i.
1
Suppose 15*l - 10*l = -730. Let u = l + 152. What is the highest common factor of u and 6?
6
Suppose -99 + 711 = w. Suppose -195*s = -5*q - 192*s + 72, 3*q = -5*s - 52. Calculate the highest common factor of q and w.
6
Let x be (-32)/40 + (-598)/65. Let j be 6 - (5 + (-5)/(-10)*x). Let t = 91 - -23. Calculate the greatest common factor of t and j.
6
Let v be -20*(192/(-12) - (-2 - -2)). What is the highest common factor of v and 15?
5
Suppose 58 = 4*o - 5*w, 2*w + 6 - 27 = -o. Suppose 0 = o*p - 20*p + 138. What is the greatest common divisor of 736 and p?
46
Suppose 2*o - 108 = p - 856, -5*o = -4*p + 3007. What is the highest common factor of 2 and p?
2
Let w(d) = -d**2 - 2*d + 440. Let s be w(0). Calculate the highest common factor of s and 360.
40
Let t(n) = n**3 + 3*n**2 + n + 5. Let q be t(-3). Suppose q*h = 4, -4*a = -3*h - 0*h - 106. Let s = a + -18. What is the greatest common divisor of 15 and s?
5
Let p = 838 + -446. Let s = 21438 - 21270. Calculate the highest common divisor of s and p.
56
Suppose -d - 2122 = -4*m, -2*m - 2*d - 171 + 1247 = 0. What is the greatest common factor of m and 190?
38
Let j = 26 - -42. Suppose -3*d + j = 5*h + 237, 4*h = -20. Let t = -38 - d. Calculate the highest common divisor of 50 and t.
10
Suppose 17177*i = 17101*i + 3268. What is the highest common divisor of 688 and i?
43
Suppose -160 = -2*w - 2*u, -4*u + 236 = 170*w - 167*w. What is the highest common divisor of 2436 and w?
84
Let j(w) = -8 - 7*w - 4 + w**2 - 21 - 8. Let v be j(-6). What is the highest common factor of v and 333?
37
Let h = -63 + 56. Let i(f) = -f**2 - 6*f + 3. Let l be i(h). Let b be l*(-1 + (-38)/4). What is the greatest common divisor of 14 and b?
14
Suppose -1605*d = -1610*d + 660. What is the greatest common factor of 4400 and d?
44
Let f = -14 - -34. Let q(g) = 57*g - g**3 - 784 + 381 + 9*g**2 + 388. Let d be q(13). What is the greatest common divisor of d and f?
10
Suppose 234 + 151 = 21*j - 14*j. What is the greatest common factor of 595 and j?
5
Suppose -26*u = 14*u - 11131 - 6709. Calculate the highest common factor of u and 13157.
223
Suppose 0 = -41*q + 48*q - 4676. Calculate the greatest common factor of 835 and q.
167
Let r(h) = 3*h**2 + 4*h - 6. Let b be r(6). Suppose -2997 - 3906 + 855 = -36*f. What is the greatest common factor of f and b?
42
Suppose 4*i - 113 - 31 = 0. Suppose 0 = -4*g + 42 - 10. Suppose 9*y - 4896 = -g*y. What is the highest common divisor of y and i?
36
Suppose -3*s + 4*f - 787 = -6*s, 5*f + 805 = 3*s. What is the highest common divisor of s and 1643?
53
Suppose -2527 - 2486 = -14*v - 4817. Let s be (-36)/(-2)*(6 - -1). Calculate the highest common factor of s and v.
14
Let b(w) be the first derivative of 166*w**3/3 + w**2/2 + 3*w + 47. Let k be b(-1). What is the greatest common divisor of k and 21?
21
Let h be (5*(-56)/84)/(1/(-288)*2). What is the highest common divisor of 360 and h?
120
Let k(y) = y + 27. Let r be k(-19). Let c be 1 - 0 - (r + -27). What is the highest common factor of c and 5?
5
Suppose 94*x = 62*x + 393216. What is the highest common factor of x and 12?
12
Let r(d) = -d**3 + 3*d**2 - 9*d. Let j be r(6). Let z = 215 + j. What is the highest common divisor of z and 265?
53
Let b(d) = 242*d**2 + 90*d + 18. Let j be b(-6). Calculate the highest common divisor of 28 and j.
14
Let t be 10 + 1512/(-153) - 6396/34. Let x = 196 + t. Let f be 1/(2/32) + 0. What is the highest common divisor of f and x?
8
Let v be 2/(-4)*-10 - (-5316)/(60/5). Calculate the highest common divisor of 1024 and v.
64
Let x(q) = 219*q - 468. Let n be x(5). Calculate the greatest common factor of n and 726.
33
Let s = -4765 - -6322. Calculate the greatest common factor of 9 and s.
9
Suppose 5 = -r - j, 6*r - 5*j + 17 = 4*r. Let x be 1254/44*(-128)/r. What is the greatest common factor of 48 and x?
16
Let 